{"id":18629,"date":"2024-02-01T18:09:39","date_gmt":"2024-02-01T18:09:39","guid":{"rendered":"https:\/\/scarbo.elitek.si\/services\/arredo-bagno-attrezzatura-e-accessori\/"},"modified":"2024-03-07T12:24:31","modified_gmt":"2024-03-07T12:24:31","slug":"arredo-bagno-attrezzatura-e-accessori","status":"publish","type":"cpt_services","link":"https:\/\/www.scarbo.si\/it\/services\/arredo-bagno-attrezzatura-e-accessori\/","title":{"rendered":"Arredo bagno, attrezzatura e accessori"},"content":{"rendered":"\n<p>\u0400 con grande responsabilit\u00e0 che prestiamo attenzione ai colori, alle forme e alla disposizione degli oggetti negli spazi abitativi poich\u00e9 \u00e8 ci\u00f2 che crea un mondo proprio e unico. La nostra gamma di mobili, attrezzature e accessori per il bagno \u00e8 accuratamente selezionata e comprende prodotti dal design sia tradizionale che pi\u00f9 moderno. Desideriamo soddisfare i diversi gusti ed esigenze dei nostri clienti e creare uno spazio che rifletta comfort e stile su misura.<\/p>\n\n<h5 class=\"wp-block-heading\">Produttori:<\/h5>\n\n<div class=\"wp-block-columns are-vertically-aligned-center has-background is-layout-flex wp-container-core-columns-is-layout-9d6595d7 wp-block-columns-is-layout-flex\" style=\"background-color:#ffffff\">\n<div class=\"wp-block-column is-vertically-aligned-center is-layout-flow wp-block-column-is-layout-flow\">\n<figure class=\"wp-block-image size-full is-resized\"><a href=\"https:\/\/www.ideagroupbathrooms.com\/\" target=\"_blank\" rel=\"noreferrer noopener\"><img fetchpriority=\"high\" decoding=\"async\" width=\"417\" height=\"417\" src=\"https:\/\/www.scarbo.si\/wp-content\/uploads\/2024\/02\/logo-ideagroup.png\" alt=\"\" class=\"wp-image-18197\" style=\"width:94px;height:auto\" srcset=\"https:\/\/www.scarbo.si\/wp-content\/uploads\/2024\/02\/logo-ideagroup.png 417w, https:\/\/www.scarbo.si\/wp-content\/uploads\/2024\/02\/logo-ideagroup-300x300.png 300w, https:\/\/www.scarbo.si\/wp-content\/uploads\/2024\/02\/logo-ideagroup-150x150.png 150w, https:\/\/www.scarbo.si\/wp-content\/uploads\/2024\/02\/logo-ideagroup-370x370.png 370w, https:\/\/www.scarbo.si\/wp-content\/uploads\/2024\/02\/logo-ideagroup-120x120.png 120w, https:\/\/www.scarbo.si\/wp-content\/uploads\/2024\/02\/logo-ideagroup-410x410.png 410w\" sizes=\"(max-width: 600px) 100vw, 417px\" \/><\/a><\/figure>\n<\/div>\n\n\n\n<div class=\"wp-block-column is-vertically-aligned-center is-layout-flow wp-block-column-is-layout-flow\">\n<figure class=\"wp-block-image size-full\"><a href=\"https:\/\/www.arblu.it\/en\/prodotti\/mobili-bagno-en\/\" target=\"_blank\" rel=\"noreferrer noopener\"><img decoding=\"async\" width=\"500\" height=\"126\" src=\"https:\/\/www.scarbo.si\/wp-content\/uploads\/2024\/02\/Arblu-logo.jpg\" alt=\"\" class=\"wp-image-18198\" srcset=\"https:\/\/www.scarbo.si\/wp-content\/uploads\/2024\/02\/Arblu-logo.jpg 500w, https:\/\/www.scarbo.si\/wp-content\/uploads\/2024\/02\/Arblu-logo-300x76.jpg 300w, https:\/\/www.scarbo.si\/wp-content\/uploads\/2024\/02\/Arblu-logo-370x93.jpg 370w, https:\/\/www.scarbo.si\/wp-content\/uploads\/2024\/02\/Arblu-logo-410x103.jpg 410w\" sizes=\"(max-width: 600px) 100vw, 500px\" \/><\/a><\/figure>\n<\/div>\n\n\n\n<div class=\"wp-block-column is-vertically-aligned-center is-layout-flow wp-block-column-is-layout-flow\">\n<figure class=\"wp-block-image size-full\"><a href=\"https:\/\/gruppogeromin.com\/it\/arredo-bagno\/\" target=\"_blank\" rel=\"noreferrer noopener\"><img decoding=\"async\" width=\"327\" height=\"154\" src=\"https:\/\/www.scarbo.si\/wp-content\/uploads\/2024\/02\/geromin.png\" alt=\"\" class=\"wp-image-18199\" srcset=\"https:\/\/www.scarbo.si\/wp-content\/uploads\/2024\/02\/geromin.png 327w, https:\/\/www.scarbo.si\/wp-content\/uploads\/2024\/02\/geromin-300x141.png 300w\" sizes=\"(max-width: 600px) 100vw, 327px\" \/><\/a><\/figure>\n<\/div>\n\n\n\n<div class=\"wp-block-column is-vertically-aligned-center is-layout-flow wp-block-column-is-layout-flow\">\n<figure class=\"wp-block-image size-full is-resized\"><a href=\"https:\/\/ideastella.it\/en\/home-english\/\" target=\"_blank\" rel=\"noreferrer noopener\"><img loading=\"lazy\" decoding=\"async\" width=\"250\" height=\"118\" src=\"https:\/\/www.scarbo.si\/wp-content\/uploads\/2024\/03\/214_progetto_iedalstella_mobili_bagno_edilceramiche_maccano.png\" alt=\"\" class=\"wp-image-18763\" style=\"width:165px;height:auto\"\/><\/a><\/figure>\n<\/div>\n<\/div>\n","protected":false},"excerpt":{"rendered":"<p>\u0400 con grande responsabilit\u00e0 che prestiamo attenzione ai colori, alle forme e alla disposizione degli oggetti negli spazi abitativi poich\u00e9 \u00e8 ci\u00f2 che crea un mondo proprio e unico. La&hellip;<\/p>\n","protected":false},"author":1,"featured_media":18445,"comment_status":"closed","ping_status":"closed","template":"","cpt_services_group":[182],"class_list":["post-18629","cpt_services","type-cpt_services","status-publish","has-post-thumbnail","hentry","cpt_services_group-storitve"],"_links":{"self":[{"href":"https:\/\/www.scarbo.si\/it\/wp-json\/wp\/v2\/cpt_services\/18629","targetHints":{"allow":["GET"]}}],"collection":[{"href":"https:\/\/www.scarbo.si\/it\/wp-json\/wp\/v2\/cpt_services"}],"about":[{"href":"https:\/\/www.scarbo.si\/it\/wp-json\/wp\/v2\/types\/cpt_services"}],"author":[{"embeddable":true,"href":"https:\/\/www.scarbo.si\/it\/wp-json\/wp\/v2\/users\/1"}],"replies":[{"embeddable":true,"href":"https:\/\/www.scarbo.si\/it\/wp-json\/wp\/v2\/comments?post=18629"}],"wp:featuredmedia":[{"embeddable":true,"href":"https:\/\/www.scarbo.si\/it\/wp-json\/wp\/v2\/media\/18445"}],"wp:attachment":[{"href":"https:\/\/www.scarbo.si\/it\/wp-json\/wp\/v2\/media?parent=18629"}],"wp:term":[{"taxonomy":"cpt_services_group","embeddable":true,"href":"https:\/\/www.scarbo.si\/it\/wp-json\/wp\/v2\/cpt_services_group?post=18629"}],"curies":[{"name":"wp","href":"https:\/\/api.w.org\/{rel}","templated":true}]}}

<p>Ѐ con grande responsabilità che prestiamo attenzione ai colori, alle forme e alla disposizione degli oggetti negli spazi abitativi poiché è ciò che crea un mondo proprio e unico. La nostra gamma di mobili, attrezzature e accessori per il bagno è accuratamente selezionata e comprende prodotti dal design sia tradizionale che più moderno. Desideriamo soddisfare i diversi gusti ed esigenze dei nostri clienti e creare uno spazio che rifletta comfort e stile su misura.</p>

<h5 class="wp-block-heading">Produttori:</h5>

<div class="wp-block-columns are-vertically-aligned-center has-background is-layout-flex wp-container-core-columns-is-layout-9d6595d7 wp-block-columns-is-layout-flex" style="background-color:#ffffff">
<div class="wp-block-column is-vertically-aligned-center is-layout-flow wp-block-column-is-layout-flow">
<figure class="wp-block-image size-full is-resized"><a href="https://www.ideagroupbathrooms.com/" target="_blank" rel="noreferrer noopener"><img fetchpriority="high" decoding="async" width="417" height="417" src="https://www.scarbo.si/wp-content/uploads/2024/02/logo-ideagroup.png" alt="" class="wp-image-18197" style="width:94px;height:auto" srcset="https://www.scarbo.si/wp-content/uploads/2024/02/logo-ideagroup.png 417w, https://www.scarbo.si/wp-content/uploads/2024/02/logo-ideagroup-300x300.png 300w, https://www.scarbo.si/wp-content/uploads/2024/02/logo-ideagroup-150x150.png 150w, https://www.scarbo.si/wp-content/uploads/2024/02/logo-ideagroup-370x370.png 370w, https://www.scarbo.si/wp-content/uploads/2024/02/logo-ideagroup-120x120.png 120w, https://www.scarbo.si/wp-content/uploads/2024/02/logo-ideagroup-410x410.png 410w" sizes="(max-width: 600px) 100vw, 417px" /></a></figure>
</div>



<div class="wp-block-column is-vertically-aligned-center is-layout-flow wp-block-column-is-layout-flow">
<figure class="wp-block-image size-full"><a href="https://www.arblu.it/en/prodotti/mobili-bagno-en/" target="_blank" rel="noreferrer noopener"><img decoding="async" width="500" height="126" src="https://www.scarbo.si/wp-content/uploads/2024/02/Arblu-logo.jpg" alt="" class="wp-image-18198" srcset="https://www.scarbo.si/wp-content/uploads/2024/02/Arblu-logo.jpg 500w, https://www.scarbo.si/wp-content/uploads/2024/02/Arblu-logo-300x76.jpg 300w, https://www.scarbo.si/wp-content/uploads/2024/02/Arblu-logo-370x93.jpg 370w, https://www.scarbo.si/wp-content/uploads/2024/02/Arblu-logo-410x103.jpg 410w" sizes="(max-width: 600px) 100vw, 500px" /></a></figure>
</div>



<div class="wp-block-column is-vertically-aligned-center is-layout-flow wp-block-column-is-layout-flow">
<figure class="wp-block-image size-full"><a href="https://gruppogeromin.com/it/arredo-bagno/" target="_blank" rel="noreferrer noopener"><img decoding="async" width="327" height="154" src="https://www.scarbo.si/wp-content/uploads/2024/02/geromin.png" alt="" class="wp-image-18199" srcset="https://www.scarbo.si/wp-content/uploads/2024/02/geromin.png 327w, https://www.scarbo.si/wp-content/uploads/2024/02/geromin-300x141.png 300w" sizes="(max-width: 600px) 100vw, 327px" /></a></figure>
</div>



<div class="wp-block-column is-vertically-aligned-center is-layout-flow wp-block-column-is-layout-flow">
<figure class="wp-block-image size-full is-resized"><a href="https://ideastella.it/en/home-english/" target="_blank" rel="noreferrer noopener"><img loading="lazy" decoding="async" width="250" height="118" src="https://www.scarbo.si/wp-content/uploads/2024/03/214_progetto_iedalstella_mobili_bagno_edilceramiche_maccano.png" alt="" class="wp-image-18763" style="width:165px;height:auto"/></a></figure>
</div>
</div>

<p>Ѐ con grande responsabilità che prestiamo attenzione ai colori, alle forme e alla disposizione degli oggetti negli spazi abitativi poiché è ciò che crea un mondo proprio e unico. La&hellip;</p>
